 b(j) = -2*j**2 - 18*j - 9. Let w be b(-8). Let z(x) = 20*x - 14. What is the tens digit of z(w)?
2
Suppose b - 2*y = -7, -2 = b - y - 0*y. Suppose b*k - 2*q + 16 = 0, 5*q - 27 = -0*k + k. What is the units digit of (-2 - -5) + 33 - k?
8
Let x = -3510 - -5293. What is the tens digit of x?
8
Suppose -7*x = -12*x + 30. Let h = x - -16. What is the tens digit of h?
2
Suppose 2*a = 3*j + 2, -2*a = -4*j - 2 - 0. What is the tens digit of 4 + -1 - (-14 - j)?
1
Let c = 790 - 759. What is the tens digit of c?
3
Suppose 6*p - 10 = 2. Suppose -2*x = 3*u - 47, 0 = -2*u - p - 8. What is the tens digit of x?
3
Suppose n + 95 = 4*j - 4*n, n = -3. What is the hundreds digit of (175/j)/(-5)*-68?
1
Let h be 14*1 + (5 - (5 + -1)). Suppose 0 = -14*r + h*r - 103. What is the hundreds digit of r?
1
Let i = 10 + -16. Let f be (10/(-4))/((-3)/i). What is the units digit of f*(-1 + 13)/(-4)?
5
Let q(t) = -t**3 + 7*t**2 + 2*t - 9. Let n be q(7). Suppose 0*r - 144 = -2*r. Suppose n*i = -i + r. What is the tens digit of i?
1
Let l be 2144/(-10)*-4 + 6/15. Suppose -6*o + 0*o = -l. What is the hundreds digit of o?
1
Let z = 3969 - 2210. What is the units digit of z?
9
Let m(z) = z**2 + 1. Let c(o) = -2*o**2 - 10*o + 2. Let y(h) = -c(h) - 4*m(h). Let v be y(4). Suppose -12 - 12 = -v*a. What is the units digit of a?
2
Suppose -n - 5*t + 14 = 0, -18 = -0*n - 2*n - 5*t. Suppose -153 = -3*f + 2*f - 4*x, f - 113 = n*x. What is the hundreds digit of f?
1
Let o(z) = 5*z - 20. Suppose -y = -1, 3*k + 4*y = 13 + 36. What is the units digit of o(k)?
5
Let z = -119 + 585. What is the units digit of z?
6
Let h be 2 + (-1)/(1 + 0). Suppose -14 = -f - 7*c + 3*c, -4*f + 41 = c. What is the units digit of (f/(-4))/(h/(-22))?
5
Suppose 2*q - 5*q = -i - 550, 4*i - 179 = -q. Suppose 0 = 4*r + 2*b - 178, 5*r = -4*b + q + 44. What is the tens digit of r?
4
Let h(m) = -34*m**3 - m**2 - m - 1. Let y(o) be the first derivative of -o**4/4 + 3*o**3 - o + 5. Let z be y(9). What is the tens digit of h(z)?
3
Suppose -445 = -y + w - 5*w, -1335 = -3*y + 5*w. Suppose 4*i = -i + y. What is the tens digit of i?
8
Let i(p) = -7*p + 97. What is the tens digit of i(-8)?
5
Let u(c) = 77*c + 42. Let w(l) = -9*l - 5. Let o(t) = 5*u(t) + 42*w(t). Suppose -4*n + 4*j + 24 = 0, j - 2 = -n - 2*n. What is the tens digit of o(n)?
1
Suppose -2*m - 8 = -4*m. Let k(h) = 6 - m*h**2 + 1 - 2*h - 3 - h**3 - 2*h**2. What is the tens digit of k(-6)?
1
Suppose -n = -5*b + n + 256, -4*n - 200 = -4*b. Suppose 46*k = b*k - 1044. What is the hundreds digit of k?
1
Let w be 0/(4/(8/(-6))). Suppose -3*k + w*k = 0. Suppose 4*d = 2*q - 74, 2*q - 78 = -k*q + 2*d. What is the tens digit of q?
4
Let c be 6/8*(-1 - -5). Suppose c*t + 3 = -0. What is the tens digit of 4/(26/22 + t)?
2
Let j(y) = y**3 + 14*y**2 - 50*y - 2. What is the units digit of j(-14)?
8
Let b(d) = -15*d**3 - 8*d - d**3 + 7*d**2 + 19*d**3. What is the units digit of b(4)?
2
Suppose 5*x + 0*x + 15 = 0. Let m be x/(3/6*-3). Suppose -5*r + 260 = 2*s, -m*r + s = -s - 118. What is the units digit of r?
4
Suppose 3*p = p, -5384 = -4*o - 3*p. What is the tens digit of o?
4
Let s be 1*(1 + 6/2). Suppose 12 = 2*b + s*a, -a = 5*b + a + 2. What is the tens digit of (-19 - -15)/(b/30)?
6
Suppose -2*u + 2*i + 1386 = -416, 5*i = -4*u + 3613. What is the hundreds digit of u?
9
Let y = -10 + 20. What is the tens digit of y/(-4)*(-3058)/110*2?
3
Let h = 91 - 36. What is the units digit of (-634)/(-8) - h/44?
8
Suppose 5*t - 16919 = -c, -31*c + 12 = -28*c. What is the tens digit of t?
8
Suppose -15*i = -11 - 19. What is the tens digit of 6152/32 + i/(-8)?
9
Let j = -485 - -930. What is the units digit of j?
5
Let m(c) = c**3 + 9*c**2 - 6*c - 4. Let u(l) = l**3 - 9*l**2 + 6*l + 7. Let j be u(8). Let p be m(j). Suppose p*r + 24 = 52*r. What is the units digit of r?
2
Let m = -29 - -49. Let g = 26 - m. Suppose -g*b + 126 = -3*b. What is the units digit of b?
2
Suppose 4*m - 2545 = 107. Suppose -3*a = 4*z - m, 3*z = -0*a - 3*a + 498. What is the tens digit of z?
6
Let x(s) = 6*s + 18*s**3 - 10*s**2 + 8 - 17*s**3 + 0*s**2 + 2*s. What is the hundreds digit of x(11)?
2
Let i be (11 + -8)*-1*1. Let f be i/24 + 17/8. Suppose 3*z = f*z + 28. What is the tens digit of z?
2
Let v(s) = -64*s - 14*s - 1 + 2 + 3. What is the units digit of v(-1)?
2
Suppose 4*j - 5*g = 55, -3*j = 2*j + 5*g - 125. Suppose -j*a = -14*a - 1530. What is the tens digit of a?
5
What is the units digit of (1 - -2)/(42/(-224))*-6?
6
Suppose -4*l - 2*o = -3 - 17, 5 = l - o. Suppose q + l = 58. Let i = -27 + q. What is the units digit of i?
6
Let f(z) = -z**3 + 8*z**2 - 7*z + 10. Let j = -19 - -34. Let y = 20 - j. What is the tens digit of f(y)?
5
Suppose 16*p = 15*p - 2. What is the tens digit of (-1)/(p + 1) - -32?
3
Let z = -5351 + 9910. What is the tens digit of z?
5
Let b be ((-32)/(-24))/((-2)/(-3)). Suppose -4 = t - b*t. Suppose 4*v - v - l = 92, v + t*l = 48. What is the tens digit of v?
3
Let t(j) = -j**2 - 20*j + 19. What is the tens digit of t(-15)?
9
Suppose 3*d = a - 17 - 14, -4*d - a - 32 = 0. Let x = d + 10. What is the units digit of x?
1
Suppose o - 10 = -d - 0*o, 0 = 3*d - 3*o. Suppose 15 = -r + 5*n, d*r + 3*n + 0*n - 37 = 0. What is the units digit of r?
5
Let k(y) = y**3 + 8*y**2 + 12*y + 7. Let d be (24/20)/(2/(-10)). What is the units digit of k(d)?
7
Let i be (-2 - 2*-22) + -1. Let f be 3 + -3*i/(-3). Let n = 72 - f. What is the units digit of n?
8
Suppose s - 21 = -3*y, -2*y + 38 = 2*s + 3*y. Suppose -4*r = -3*u - 67, u = -4*r - s - 8. Let x = 51 + u. What is the tens digit of x?
3
What is the units digit of 185*((-24)/40 - -6)?
9
Let g = -35 + 50. Let h = -5 + g. Let q = h + 1. What is the tens digit of q?
1
Let z(t) = -t**2 - 13*t - 2. Let h be z(-11). Suppose -h + 0 = -4*o. Suppose 18 = 4*k - 5*s - 31, -o*s = 25. What is the units digit of k?
6
Let q(r) = -193*r - 11. What is the thousands digit of q(-10)?
1
Let l(x) = 9*x**2 - 9*x + 10. What is the tens digit of l(3)?
6
Suppose -34*t + 265 = -347. What is the units digit of t?
8
Suppose 15 = 4*f - 1, 5*g = f - 64. Let i(s) = -s**3 - 12*s**2 + 3. Let w be i(g). What is the tens digit of (2/w)/(14/483)?
2
Suppose -2*d + 28 = -3*l, -8*d - 3*l = -4*d - 38. What is the units digit of d?
1
Let p = 4936 + -2734. What is the thousands digit of p?
2
Suppose -8*p - m = -13*p + 22280, 0 = 4*p + 3*m - 17805. What is the units digit of p?
5
Suppose 6*v - 3*v = -2*f + 69, 12 = 4*v. Suppose -7*u = -u - f. Suppose g + u = 6*g. What is the units digit of g?
1
Let x(y) = 2*y**3 - 16*y**2 - y + 88. What is the hundreds digit of x(15)?
2
Let q(y) = -4*y**2 - y - 1. Let o be q(-1). Let s = o - -10. What is the units digit of s - 9 - 3*-12?
3
Suppose 2935 = -25*s + 20*s. Let m = -409 - s. What is the units digit of m?
8
Let h(j) = j**3 + 4*j**2 - 5*j - 7. Let f be h(-5). Let m(t) = -9*t + 2. What is the tens digit of m(f)?
6
Let f(n) = 20*n**2 - 41*n - 12. What is the tens digit of f(-12)?
6
Let i(g) = g. Let h(a) = -4*a**2 - 4*a - 1. Let q(p) = -h(p) - 5*i(p). Let o = -11 - -14. What is the tens digit of q(o)?
3
Let w = 3667 + -2311. What is the hundreds digit of w?
3
Suppose 17*z = -2*z + 21109. What is the units digit of z?
1
Let o be (-4)/(-6) + (-6184)/(-12) - 2. Let t = -288 + o. What is the tens digit of t?
2
Suppose 2*d = 3*a + 13, -2*a + 23 = 4*d - 5*a. Suppose -3*h + 75 = d*o, 5*o = o + 5*h + 97. What is the units digit of o?
8
Let m(z) = 5 + z + 23 - 5. Let o be (-4)/26 - 6/(-39). What is the tens digit of m(o)?
2
Suppose -g + 2 = -0. Suppose -3*i = g*i + 25. Let k = 37 + i. What is the units digit of k?
2
Let n(i) = 12*i**2 + 18*i + 4. What is the units digit of n(-10)?
4
Suppose -i = -3*y - 30, 0*y - y - 21 = -4*i. Let j(u) = 1 + u**3 - 2*u**3 + 0 - 10*u**2 - 11*u. What is the units digit of j(y)?
9
What is the thousands digit of (-78111)/(-66) - (-2)/(-4)?
1
Let w(u) = -u**2 - 33*u + 9. Let g be w(-9). Let l = 396 - g. What is the tens digit of l?
7
Suppose -14 + 10 = -t. Suppose n - 620 = -t*n. What is the tens digit of n?
2
Suppose 4 + 16 = 4*j. Suppose j*t = 6*t - 16. Let h = t + 6. What is the units digit of h?
2
Suppose 1 = 2*h + 3. Let y be (-7 + 6)*(h - -3). What is the tens digit of 10*y/(-4)*2?
1
Suppose 5*r = -4*d + 1759 + 10522, d = 4. What is th